nder when 29 is divided by y?
9
Let l(k) = k**3 + 7*k**2 + 3. Let c be l(-7). Suppose 15 = -c*y + 54. Let m(j) = 4*j**2 - 5*j + 3. What is the remainder when m(3) is divided by y?
11
Suppose -8 = -2*l - 5*g + 3*g, 2*l + 4*g = -2. Calculate the remainder when 25 is divided by l.
7
Suppose o + 0*o - 9 = 0. What is the remainder when 24 is divided by o?
6
Suppose n + n - 2*t + 6 = 0, 5*t - 15 = -4*n. Suppose 2*f - 5*f + 33 = n. What is the remainder when (13 + 3)*10/8 is divided by f?
9
Let z(r) = 6*r - 2. Let s(b) = b**2 - 7*b + 11. Let c = -6 + 14. What is the remainder when s(c) is divided by z(2)?
9
Let b be 3*(2 + 2)/4. Suppose -2*x + 3 = -b. What is the remainder when 4 is divided by x?
1
Let c be (1 - 4) + (-1 - -8). Suppose -3*m = -4*m - x + 45, -114 = -2*m + c*x. Calculate the remainder when m is divided by 13.
10
Suppose a - 4 + 5 = 0. Let u be ((-160)/(-6))/(a/3). Let w = -46 - u. What is the remainder when w is divided by 9?
7
Let a be (3/(-2))/(1/(-2)). Suppose 4*r - 240 = -a*q, -r + 4*q + 85 - 25 = 0. Calculate the remainder when r is divided by 31.
29
Let c = 114 + -26. Suppose -c = -6*l + 2*l. Calculate the remainder when 43 is divided by l.
21
Let t(m) = -m**3 - 3*m**2 + m - 5. Let y(b) = -4 + 4*b - 3 + 2 + b**2. Let w be y(-4). Calculate the remainder when t(w) is divided by 14.
12
Let q = -3 + -2. Let k = 4 + q. What is the remainder when 28 is divided by (-5)/((-2)/(-4) + k)?
8
Let i be 8 + ((-1)/1 - 1). Suppose 3*r - i*r + 4*h = -35, 0 = -5*h + 5. What is the remainder when 2*74/8*2 is divided by r?
11
Let h = -14 + 6. Let a(u) = u + 12. What is the remainder when (22/h)/((-3)/24) is divided by a(0)?
10
Let i(b) = -2*b**2 - 50*b + 12. What is the remainder when 12 is divided by i(-25)?
0
Let r be (-2 - 0)*(-1 - 0). Suppose -4*q - q + 11 = -t, -r*q - 5*t = 1. Calculate the remainder when q is divided by (-1 + (-2)/(-4))*-2.
0
Let i(z) = 2*z**2 - 3*z - 6. Let g be i(8). Let a = 178 + -111. Let o = g - a. Calculate the remainder when o is divided by 16.
15
Suppose 3 = -2*w + 43. What is the remainder when w is divided by 7?
6
Let q(p) = 60*p - 1. Calculate the remainder when q(1) is divided by 30.
29
Let s(y) = y**3 - 10*y**2 - 10*y - 9. Let l be s(11). Suppose 5*z + v = 15, l*z - 5*v = 18 + 15. What is the remainder when 7 is divided by z?
3
What is the remainder when 75 is divided by (0 - -29) + (-5 - -2)?
23
Suppose -s = -2*s + 3. Suppose 2 = -s*l + 23. Suppose 116 = 8*o + 20. What is the remainder when o is divided by l?
5
Let q(k) = k**2 + 11*k + 12. What is the remainder when q(-15) is divided by 25?
22
Let m(o) = 5*o**2 - 1 + 0*o**2 + 0. Let z be m(1). Suppose -d - 3*h + 2 = -6, 5*h = z*d - 15. What is the remainder when 7 is divided by d?
2
What is the remainder when (-108)/(2 + -6) + -1 is divided by 9?
8
Let b = 35 + -26. Calculate the remainder when 22 is divided by b.
4
Suppose -h = 2 + 1. Calculate the remainder when h + 2 + -1 - -10 is divided by 3.
2
Let n(p) = p**3 - 6*p**2 - 8*p + 13. Calculate the remainder when n(7) is divided by 5.
1
What is the remainder when (-4)/(-14) - 738/(-14) is divided by 20?
13
Let k = 25 + 13. Calculate the remainder when k is divided by 13.
12
Suppose 0 = 4*d - 5 - 135. Suppose -3*x + 0*j + 55 = j, -2*x + 31 = -5*j. What is the remainder when d is divided by x?
17
Let h(j) = j**3 - j**2 - j + 22. Calculate the remainder when h(0) is divided by 2/(-3)*3 + 50/5.
6
Let p = 25 + -8. Let d = 100 - 90. What is the remainder when p is divided by d?
7
What is the remainder when 23 is divided by (-26)/(-3)*12/8?
10
Calculate the remainder when 29 is divided by (-10)/15 - (-96)/9.
9
Let q be (0 + -2)*1 - -7. Suppose -q + 13 = 2*u. Suppose 0 = 5*n + 4*x - 178, 0 = 2*x - u. What is the remainder when n is divided by 12?
10
Let t be (2 - 4)*30/(-4). Suppose -2*a + t = -9. Calculate the remainder when 34 is divided by a.
10
Suppose 5 = -3*u - 3*o + 38, 5*u = 5*o + 55. Let f(r) = -r**2 + 10*r - 3. Let s = -34 - -43. What is the remainder when u is divided by f(s)?
5
Let o = -9 + 4. Let l = o - -5. Let a = 3 - l. What is the remainder when a is divided by 3?
0
Suppose -3*d = -l + 14, 5*d + 38 = 3*l - 0*l. What is the remainder when 98 is divided by l?
10
Let w(x) = -29*x**3 - x**2. Calculate the remainder when 110 is divided by w(-1).
26
What is the remainder when 106 is divided by 1*(-2 - -1 - (-20 - 3))?
18
Let s(c) = -5*c. Calculate the remainder when 103 is divided by s(-7).
33
Suppose 2*t + 2*g - 34 = 0, t + 0*g - 5 = 2*g. Let q(h) = -h**2 + 9*h - 8. Let m be q(8). Calculate the remainder when m/(2 - 1) - -24 is divided by t.
11
Suppose -4*w + 3*s = -159, -3*w = 4*s - 58 - 55. What is the remainder when w is divided by 8?
7
Let f(s) = 2*s - 10. Let l be f(7). Suppose -l*i + 52 + 16 = 0. Calculate the remainder when 66 is divided by i.
15
Suppose 5*i - 23 = 7. Let v(p) = 4*p**2 - 3*p - 5. Let m be v(4). Let k = i + m. Calculate the remainder when k is divided by 18.
17
Let i = -28 + 42. Let c = i + 8. What is the remainder when 65 is divided by c?
21
Let j(q) = 8 - 3*q + 2 + 0*q - 12. What is the remainder when 6 is divided by j(-2)?
2
Let q(p) = -p**3 + 6*p**2 - 5*p + 7. Calculate the remainder when 11 is divided by q(5).
4
Let a(z) = 17*z**3 - 2*z + 1. Let h be a(1). Let r = h - 3. What is the remainder when 50 is divided by r?
11
Suppose 3*n - 1 - 5 = 0, 3*n + 3 = 3*h. What is the remainder when (-2)/9 - 164/(-9) is divided by (-2)/6 - (-31)/h?
8
Suppose 4*m - 83 = -3*n, -3*m - 81 = -6*m + 4*n. Let t = 36 - 23. Calculate the remainder when m is divided by t.
10
Let g(s) be the third derivative of 11*s**4/8 + s**3/6 - 2*s**2. Let c be g(3). Let k = 147 - c. What is the remainder when k is divided by 16?
15
Suppose -425 = 7*x - 12*x. Calculate the remainder when x is divided by 15.
10
Suppose 2*p - 2*i - 42 = 0, 4*p + 3*i - 38 = 25. Suppose -17 - p = -d. What is the remainder when d is divided by 12?
11
Suppose 0 = -c + q + q, 0 = 5*q - 10. Let i = 15 - 9. Let w = 9 - i. Calculate the remainder when c is divided by w.
1
Suppose -4*d = 2*b - 54, 5*d = -2*b + 4*d + 48. What is the remainder when 113 is divided by b?
21
Let n = 125 - 73. What is the remainder when n is divided by 27?
25
Suppose -4*y + y = 0. Let d = 1 - y. Let g(f) = -f**2 - 3*f + 1. What is the remainder when d is divided by g(-3)?
0
Suppose -214 = -4*y - 5*s - 4, 3*s = -2*y + 104. Calculate the remainder when y is divided by 30.
25
Let u = 16 - 11. Suppose -u*a = -10, c + 5*a = 20 - 0. Calculate the remainder when 27 is divided by c.
7
Suppose -2*t - 8 = 4. What is the remainder when 14 is divided by 3/6*4 - t?
6
Suppose b - 4 = 4. Calculate the remainder when 13 is divided by b.
5
Let s be -2*(-6)/((-2)/1). What is the remainder when 28 + s/(-1 + 3) is divided by 9?
7
Let m = 40 - 11. Let v = 8 - -7. Calculate the remainder when m is divided by v.
14
Let p(l) = -l - 5. Let y be p(-9). Let z(b) = b - 2. Let g be z(y). Suppose 17 = 3*r + g. Calculate the remainder when 8 is divided by r.
3
Suppose 0 = 2*g + 3*b + 2, 2 - 7 = 3*g + 5*b. Let l = 9 - 6. Suppose 6*w - l*w - 9 = 0. Calculate the remainder when g is divided by w.
2
Let v(g) = -2*g + 27. What is the remainder when 68 is divided by v(6)?
8
Let x(f) = 48*f + 3. Let z be x(3). Suppose 5*d - 458 = z. Suppose 0 = -l - 3*w + 5*w + 44, -4*l - 3*w = -d. What is the remainder when l is divided by 18?
16
Let y = 13 + -22. Let u = y - -14. Suppose 3*a + f - 41 = a, -2*f = u*a - 101. Calculate the remainder when a is divided by 7.
5
Let d(z) = -8*z + 3. Calculate the remainder when d(-2) is divided by 0/5 + 4 + 1.
4
Let u(i) be the second derivative of 0 + 1/6*i**3 + 2*i**2 + i. Calculate the remainder when u(12) is divided by 6.
4
Let c be 1/(-3) + 68/6. Calculate the remainder when (1 + 1)/(1/c) is divided by 9*-1*(-8)/6.
10
Let i(h) = 7*h + 4. Let a(d) = -d**2 + 6*d + 1. Let g be a(6). Let v = 8 + g. What is the remainder when i(3) is divided by v?
7
Let b(s) = 1. Let t(v) = -v + 7. Let l(u) = -b(u) + t(u). Calculate the remainder when l(-11) is divided by 6.
5
Let a = 2 - -22. Suppose a = x - 26. What is the remainder when x is divided by 13?
11
Let z = -11 - -16. Calculate the remainder when 13 is divided by z.
3
Suppose l - 5*l + 4 = 0. Suppose -v + l + 9 = 0. Calculate